the ten thousands digit of 43859?
4
What is the hundreds digit of 861?
8
What is the hundred thousands digit of 132893?
1
What is the units digit of 1012?
2
What is the hundreds digit of 838?
8
What is the hundreds digit of 6277?
2
What is the hundreds digit of 2209?
2
What is the tens digit of 17422?
2
What is the units digit of 1060?
0
What is the thousands digit of 97473?
7
What is the hundreds digit of 1940?
9
What is the units digit of 383?
3
What is the tens digit of 1267?
6
What is the hundreds digit of 64314?
3
What is the thousands digit of 86891?
6
What is the units digit of 1328?
8
What is the units digit of 828?
8
What is the hundred thousands digit of 105504?
1
What is the hundreds digit of 140?
1
What is the units digit of 3074?
4
What is the units digit of 1578?
8
What is the tens digit of 2000?
0
What is the tens digit of 2076?
7
What is the tens digit of 47721?
2
What is the thousands digit of 65221?
5
What is the tens digit of 65236?
3
What is the thousands digit of 12560?
2
What is the hundreds digit of 722?
7
What is the hundreds digit of 786?
7
What is the hundreds digit of 1115?
1
What is the hundreds digit of 26649?
6
What is the units digit of 147?
7
What is the tens digit of 78?
7
What is the tens digit of 66199?
9
What is the thousands digit of 4283?
4
What is the thousands digit of 4442?
4
What is the units digit of 886?
6
What is the units digit of 780?
0
What is the tens digit of 37316?
1
What is the hundreds digit of 183?
1
What is the hundreds digit of 2098?
0
What is the units digit of 160668?
8
What is the tens digit of 565?
6
What is the units digit of 9702?
2
What is the thousands digit of 1192?
1
What is the thousands digit of 1314?
1
What is the units digit of 1102?
2
What is the hundreds digit of 1267?
2
What is the hundreds digit of 917?
9
What is the tens digit of 21333?
3
What is the tens digit of 2758?
5
What is the units digit of 113?
3
What is the thousands digit of 1360?
1
What is the tens digit of 882?
8
What is the hundreds digit of 30271?
2
What is the units digit of 717?
7
What is the tens digit of 600?
0
What is the tens digit of 439?
3
What is the tens digit of 19688?
8
What is the units digit of 19320?
0
What is the units digit of 3120?
0
What is the tens digit of 10120?
2
What is the thousands digit of 1007?
1
What is the hundreds digit of 582?
5
What is the units digit of 3028?
8
What is the tens digit of 19083?
8
What is the tens digit of 389?
8
What is the tens digit of 114?
1
What is the ten thousands digit of 91044?
9
What is the units digit of 59244?
4
What is the thousands digit of 1958?
1
What is the thousands digit of 26970?
6
What is the thousands digit of 3469?
3
What is the hundreds digit of 1677?
6
What is the hundreds digit of 2009?
0
What is the thousands digit of 1666?
1
What is the thousands digit of 1839?
1
What is the units digit of 46073?
3
What is the tens digit of 1246?
4
What is the units digit of 10037?
7
What is the units digit of 9646?
6
What is the hundreds digit of 13941?
9
What is the thousands digit of 24453?
4
What is the ten thousands digit of 38029?
3
What is the thousands digit of 4173?
4
What is the units digit of 5?
5
What is the tens digit of 18617?
1
What is the tens digit of 2039?
3
What is the ten thousands digit of 159185?
5
What is the thousands digit of 13103?
3
What is the units digit of 64760?
0
What is the tens digit of 961?
6
What is the thousands digit of 4101?
4
What is the tens digit of 4099?
9
What is the thousands digit of 2700?
2
What is the ten thousands digit of 166907?
6
What is the thousands digit of 9896?
9
What is the tens digit of 17279?
7
What is the ten thousands digit of 14537?
1
What is the units digit of 11028?
8
What is the units digit of 69092?
2
What is the tens digit of 811?
1
What is the thousands digit of 67669?
7
What is the tens digit of 12570?
7
What is the tens digit of 1707?
0
What is the ten thousands digit of 161477?
6
What is the thousands digit of 1047?
1
What is the hundreds digit of 56686?
6
What is the units digit of 14857?
7
What is the ten thousands digit of 50596?
5
What is the thousands digit of 2008?
2
What is the hundreds digit of 13098?
0
What is the thousands digit of 43164?
3
What is the tens digit of 111132?
3
What is the hundreds digit of 1491?
4
What is the units digit of 590?
0
What is the units digit of 31978?
8
What is the hundreds digit of 7938?
9
What is the thousands digit of 2157?
2
What is the units digit of 13835?
5
What is the units digit of 1069?
9
What is the hundreds digit of 4300?
3
What is the thousands digit of 2460?
2
What is the hundreds digit of 1329?
3
What is the ten thousands digit of 46284?
4
What is the thousands digit of 1012?
1
What is the units digit of 1414?
4
What is the units digit of 161484?
4
What is the hundreds digit of 36335?
3
What is the thousands digit of 1103?
1
What is the thousands digit of 3429?
3
What is the ten thousands digit of 23854?
2
What is the tens digit of 19114?
1
What is the ten thousands digit of 33987?
3
What is the thousands digit of 19100?
9
What is the hundreds digit of 22354?
3
What is the thousands digit of 84356?
4
What is the tens digit of 2228?
2
What is the thousands digit of 1893?
1
What is the units digit of 23866?
6
What is the hundreds digit of 1354?
3
What is the hundreds digit of 1346?
3
What is the units digit of 644?
4
What is the tens digit of 65413?
1
What is the thousands digit of 2639?
2
What is the units digit of 11102?
2
What is the units digit of 27370?
0
What is the thousands digit of 2512?
2
What is the hundreds digit of 62101?
1
What is the tens digit of 92280?
8
What is the tens digit of 40765?
6
What is the units digit of 8740?
0
What is the ten thousands digit of 23463?
2
What is the hundreds digit of 2648?
6
What is the thousands digit of 6003?
6
What is the tens digit of 36706?
0
What is the tens digit of 247?
4
What is the units digit of 142?
2
What is the thousands digit of 136796?
6
What is the ten thousands digit of 21890?
2
What is the thousands digit of 2047?
2
What is the thousands digit of 38278?
8
What is the units digit of 268?
8
What is the tens digit of 1969?
6
What is the hundreds digit of 807?
8
What is the hundreds digit of 1978?
9
What is the hundreds digit of 2747?
7
What is the hundreds digit of 38617?
6
What is the units digit of 1247?
7
What is the thousands digit of 13637?
3
What is the hundreds digit of 1135?
1
What is the tens digit of 31887?
8
What is the hundreds digit of 921?
9
What is the hundreds digit of 8199?
1
What is the units digit of 109?
9
What is the hundreds digit of 2463?
4
What is the thousands digit of 8291?
8
What is the thousands digit of 1151?
1
What is the units digit of 48290?
0
What is the hundreds digit of 862?
8
What is the units digit of 148?
8
What is the ten thousands digit of 39321?
3
What is the hundreds digit of 4145?
1
What is the tens digit of 20200?
0
What is the units digit of 1743?
3
What is the hundreds digit of 515?
5
What is the tens digit of 32937?
3
What is the tens digit of 5629?
2
What is the units digit of 18406?
6
What is the hundreds digit of 293?
2
What is the hundreds digit of 1348?
3
What is the hundreds digit of 3500?
5
What is the thousands digit of 5245?
5
What is the units digit of 1231?
1
What is the tens digit of 245?
4
What is the tens digit of 99?
9
What is the ten thousands digit of 31071?
3
What is the tens digit of 4173?
7
What is the ten thousands digit of 18070?
1
What is the tens digit of 4566?
6
What is the hundreds digit of 389?
3
What is the thousands digit of 80727?
0
What is the tens digit of 1048?
4
What is the tens digit of 7843?
4
What is the units digit of 115?
5
What is the units digit of 70538?
8
What is the hundreds digit of 447?
4
What is the units digit of 19?
9
What is the tens digit of 32272?
7
What is the tens digit of 1180?
8
What is the units digit of 29828?
8
What is the hundreds digit of 9534?
5
What is the ten thousands digit of 50934?
5
What is the hundreds digit of 29924?
9
What is the hundreds digit of 1773?
7
What is the units digit of 648?
8
What is the tens digit of 12488?
8
What is the units digit of 2447?
7
What is the ten thousands digit of 91283?
9
What is the units digit of 9945?
5
What is 